76989
List the prime factors of 41001130.
2, 5, 863, 4751
What are the prime factors of 572172219?
3, 23, 47, 2557
List the prime factors of 157503044.
2, 167, 235783
What are the prime factors of 41562772?
2, 10390693
List the prime factors of 2150627892.
2, 3, 7, 25602713
List the prime factors of 1665436990.
2, 5, 7, 3398851
What are the prime factors of 2841848510?
2, 5, 173, 383, 4289
List the prime factors of 4869553856.
2, 76086779
What are the prime factors of 278015436?
2, 3, 2574217
What are the prime factors of 272958890?
2, 5, 109, 179, 1399
What are the prime factors of 48088908?
2, 3, 7, 190829
What are the prime factors of 1412468642?
2, 13, 54325717
What are the prime factors of 569058277?
569058277
List the prime factors of 865342810.
2, 5, 86534281
What are the prime factors of 1396380158?
2, 61, 11445739
List the prime factors of 103864586.
2, 7, 7418899
List the prime factors of 152549163.
3, 13, 277, 523
What are the prime factors of 57887522?
2, 7, 11, 53699
What are the prime factors of 116683640?
2, 5, 2917091
List the prime factors of 83580988.
2, 23, 908489
What are the prime factors of 117110086?
2, 167, 350629
List the prime factors of 642328598.
2, 29, 67, 165293
What are the prime factors of 2058375289?
1487, 1384247
List the prime factors of 16613252.
2, 1187, 3499
What are the prime factors of 33343263?
3, 103, 35969
List the prime factors of 1712054456.
2, 7, 30572401
What are the prime factors of 280827628?
2, 1181, 59447
List the prime factors of 123307979.
8081, 15259
List the prime factors of 230326421.
13, 17, 293, 3557
What are the prime factors of 301027845?
3, 5, 233, 86131
What are the prime factors of 1593669242?
2, 11, 7681, 9431
List the prime factors of 375832251.
3, 31, 73, 6151
List the prime factors of 197354125.
5, 1578833
What are the prime factors of 367143116?
2, 43, 67, 31859
What are the prime factors of 195637951?
195637951
List the prime factors of 162003732.
2, 3, 11, 1227301
List the prime factors of 26402664.
2, 3, 617, 1783
List the prime factors of 68864939.
11, 13, 337, 1429
List the prime factors of 1974846402.
2, 3, 4217, 26017
List the prime factors of 673625942.
2, 11, 229, 133709
What are the prime factors of 431862019?
139, 3106921
List the prime factors of 108475969.
7, 179, 86573
What are the prime factors of 3040948091?
29, 1889, 55511
What are the prime factors of 12900332?
2, 23, 140221
What are the prime factors of 76284383?
7, 10897769
What are the prime factors of 64027700?
2, 5, 11, 58207
What are the prime factors of 1371598762?
2, 337, 2035013
List the prime factors of 196077021.
3, 7, 9337001
List the prime factors of 38159957.
11, 457, 7591
List the prime factors of 94591786.
2, 47295893
What are the prime factors of 37122321?
3, 12374107
What are the prime factors of 2291621548?
2, 73, 1523, 5153
What are the prime factors of 87734319?
3, 43, 79, 8609
What are the prime factors of 16785567?
3, 1865063
List the prime factors of 9237287.
19, 31, 15683
What are the prime factors of 607845366?
2, 3, 151, 223637
List the prime factors of 112628010.
2, 3, 5, 11, 19, 23, 71
List the prime factors of 551946766.
2, 7, 39424769
List the prime factors of 628365455.
5, 751, 167341
List the prime factors of 238400992.
2, 7450031
List the prime factors of 71581531.
7, 19, 41, 13127
What are the prime factors of 77109577?
6581, 11717
What are the prime factors of 41953274?
2, 11, 131, 14557
What are the prime factors of 208700420?
2, 5, 593, 17597
List the prime factors of 2067998430.
2, 3, 5, 4127, 16703
What are the prime factors of 438614708?
2, 7, 15664811
List the prime factors of 1819262757.
3, 13, 1409, 33107
What are the prime factors of 808508853?
3, 89834317
List the prime factors of 71045912.
2, 7, 59, 21503
List the prime factors of 143110704.
2, 3, 11, 271043
What are the prime factors of 193239228?
2, 3, 7, 13, 311, 569
What are the prime factors of 49620727?
13, 3816979
What are the prime factors of 7099991712?
2, 3, 11, 747053
What are the prime factors of 304810685?
5, 53, 1150229
What are the prime factors of 49987309?
19, 138469
What are the prime factors of 90331786?
2, 1439, 31387
What are the prime factors of 32191039?
32191039
What are the prime factors of 1174104928?
2, 36690779
What are the prime factors of 167354671?
11, 359, 42379
What are the prime factors of 823426680?
2, 3, 5, 23, 298343
What are the prime factors of 44983383?
3, 14994461
What are the prime factors of 741487603?
741487603
What are the prime factors of 977241927?
3, 311, 1047419
What are the prime factors of 886477869?
3, 17, 433, 13381
List the prime factors of 626921268.
2, 3, 52243439
List the prime factors of 59461810.
2, 5, 5946181
What are the prime factors of 608975662?
2, 71, 101, 42461
What are the prime factors of 140899369?
13, 10838413
What are the prime factors of 1406770965?
3, 5, 23, 347, 3917
What are the prime factors of 19302415?
5, 11, 71, 4943
What are the prime factors of 3298465952?
2, 103077061
What are the prime factors of 80128750?
2, 5, 13, 4931
What are the prime factors of 212241901?
389, 545609
List the prime factors of 747044581.
101, 7396481
What are the prime factors of 310197354?
2, 3, 51699559
List the prime factors of 218354496.
2, 3, 1137263
What are the prime factors of 432186324?
2, 3, 337, 106871
What are the prime factors of 33263981?
33263981
List the prime factors of 91309995.
3, 5, 7, 89, 3257
List the prime factors of 437673771.
3, 29, 1676911
What are the prime factors of 1130880004?
2, 107, 281, 9403
List the prime factors of 2439560152.
2, 5437, 56087
What are the prime factors of 2374983235?
5, 107, 1667, 2663
List the prime factors of 1874916986.
2, 59, 15889127
What are the prime factors of 1337934660?
2, 3, 5, 1597, 13963
What are the prime factors of 799083113?
17, 47004889
List the prime factors of 184968134.
2, 13, 31, 127, 139
List the prime factors of 453514536.
2, 3, 257, 24509
List the prime factors of 39061855.
5, 7, 1116053
List the prime factors of 67511379.
3, 13, 41, 42221
List the prime factors of 17475387.
3, 59, 98731
List the prime factors of 194423836.
2, 61, 796819
What are the prime factors of 53836919?
53836919
What are the prime factors of 3373497915?
3, 5, 224899861
What are the prime factors of 80685710?
2, 5, 7, 1152653
List the prime factors of 107318180.
2, 5, 5365909
List the prime factors of 949573463.
949573463
List the prime factors of 710007000.
2, 3, 5, 29, 8161
List the prime factors of 680024034.
2, 3, 307, 123059
List the prime factors of 23964513.
3, 73, 1499
What are the prime factors of 44508647?
2399, 18553
What are the prime factors of 212485450?
2, 5, 37, 331, 347
List the prime factors of 556894264.
2, 2399, 29017
List the prime factors of 1222472177.
29, 211, 199783
What are the prime factors of 1966023930?
2, 3, 5, 13, 5041087
What are the prime factors of 1042911269?
31, 3089, 10891
What are the prime factors of 281689815?
3, 5, 11, 155201
What are the prime factors of 152324271?
3, 11, 1538629
What are the prime factors of 96326193?
3, 3613, 8887
What are the prime factors of 493522151?
523, 943637
List the prime factors of 84864512.
2, 83, 1997
What are the prime factors of 1696213107?
3, 257, 733339
List the prime factors of 537024023.
537024023
List the prime factors of 190502051.
17, 107, 104729
List the prime factors of 6955206830.
2, 5, 11, 13, 374137
List the prime factors of 503535638.
2, 251767819
List the prime factors of 882005111.
13, 67846547
What are the prime factors of 43476540?
2, 3, 5, 724609
List the prime factors of 142040060.
2, 5, 277, 25639
What are the prime factors of 78590686?
2, 41, 958423
List the prime factors of 2534910814.
2, 1267455407
List the prime factors of 25401821.
23, 1104427
List the prime factors of 4646199300.
2, 3, 5, 15487331
List the prime factors of 261598167.
3, 239, 13513
List the prime factors of 99785832.
2, 3, 367, 11329
List the prime factors of 254473487.
254473487
List the prime factors of 49381943.
13, 23, 317, 521
List the prime factors of 977772852.
2, 3, 7, 554293
List the prime factors of 838861428.
2, 3, 23, 3039353
List the prime factors of 8266397.
977, 8461
List the prime factors of 266372336.
2, 31, 537041
List the pri